{"id":332,"date":"2025-04-04T08:30:58","date_gmt":"2025-04-04T05:30:58","guid":{"rendered":"https:\/\/hammtek.wordpress.com\/?page_id=332"},"modified":"2025-04-29T10:16:50","modified_gmt":"2025-04-29T10:16:50","slug":"clinics","status":"publish","type":"page","link":"https:\/\/hammtek.com\/campaign\/clinics\/","title":{"rendered":"Luotettavat Yhteisty\u00f6klinikat"},"content":{"rendered":"\n<p class=\"has-text-align-center\">Teemme yhteisty\u00f6t\u00e4 valikoitujen hammasklinikoiden kanssa, jotka jakavat visiomme paremmasta suun terveydenhoidosta. N\u00e4iss\u00e4 klinikoissa voit hy\u00f6dynt\u00e4\u00e4 HammTekin tarjoamia mahdollisuuksia helposti ja luotettavasti.<\/p>\n\n\n\n<div class=\"wp-block-group alignfull has-global-padding is-content-justification-center is-layout-constrained wp-block-group-is-layout-constrained\" style=\"margin-top:0;margin-bottom:0;padding-top:var(--wp--preset--spacing--50);padding-bottom:var(--wp--preset--spacing--50)\">\n<div class=\"wp-block-group alignwide has-global-padding is-layout-constrained wp-block-group-is-layout-constrained\">\n<h2 class=\"wp-block-heading has-text-align-center has-xx-large-font-size\">Hammasvelho<\/h2>\n\n\n\n<p class=\"has-text-align-left wp-container-content-663c14dd\"><strong>HammTek-etuseteli:<\/strong> \u201320\u202f% alennus tarkastuksesta.<\/p>\n\n\n\n<p><strong>Toimipisteet:<\/strong><br>\ud83d\udccd <strong>Helsinki<\/strong><br>Ulappasaarentie 1, 00980 Helsinki<\/p>\n\n\n\n<p>\ud83d\udccd <strong>Hamina<\/strong><br>Helsingintie 1 a 34, 49460 Hamina<\/p>\n\n\n\n<p>\ud83d\udccd <strong>Orimattila<\/strong><br>Erkontie 10, 16400 Orimattila<\/p>\n\n\n\n<p>\ud83d\udccd <strong>Hollola<\/strong><br>Keskuskatu 4, 15870 Hollola<\/p>\n\n\n\n<p>\ud83d\udccd <strong>Imatra<\/strong><br>Vuoksenniskantie 78, 55800 Imatra<\/p>\n\n\n\n<p>\ud83d\udccd <strong>Tampere<\/strong><br>Kauppakatu 3 B, 2. krs, 33200 Tampere<\/p>\n\n\n\n<div class=\"wp-block-buttons is-content-justification-center is-layout-flex wp-container-core-buttons-is-layout-a89b3969 wp-block-buttons-is-layout-flex\">\n<div class=\"wp-block-button has-custom-width wp-block-button__width-50\"><a class=\"wp-block-button__link wp-element-button\" href=\"https:\/\/hammasvelho.fi\/\" target=\"_blank\" rel=\"noreferrer noopener\">Verkkosivut<\/a><\/div>\n<\/div>\n<\/div>\n\n\n\n<div style=\"height:100px\" aria-hidden=\"true\" class=\"wp-block-spacer\"><\/div>\n\n\n\n<div class=\"wp-block-group alignwide has-global-padding is-layout-constrained wp-block-group-is-layout-constrained\">\n<h2 class=\"wp-block-heading has-text-align-center has-xx-large-font-size\">Eurohammas<\/h2>\n\n\n\n<p class=\"has-text-align-left wp-container-content-663c14dd\"><strong>HammTek-etuseteli:<\/strong> \u201310\u202f% lis\u00e4alennus tarkastuksesta HammTek-kampanjan osallistujille.<\/p>\n\n\n\n<p><strong>Toimipisteet:<\/strong><br>\ud83d\udccd H\u00e4meentie 60,00500 Helsinki<\/p>\n\n\n\n<div class=\"wp-block-buttons is-content-justification-center is-layout-flex wp-container-core-buttons-is-layout-a89b3969 wp-block-buttons-is-layout-flex\">\n<div class=\"wp-block-button has-custom-width wp-block-button__width-50\"><a class=\"wp-block-button__link wp-element-button\" href=\"https:\/\/eurohammas.fi\/\" target=\"_blank\" rel=\"noreferrer noopener\">Verkkosivut<\/a><\/div>\n<\/div>\n<\/div>\n<\/div>\n","protected":false},"excerpt":{"rendered":"<p>Teemme yhteisty\u00f6t\u00e4 valikoitujen hammasklinikoiden kanssa, jotka jakavat visiomme paremmasta suun terveydenhoidosta. N\u00e4iss\u00e4 klinikoissa voit hy\u00f6dynt\u00e4\u00e4 HammTekin tarjoamia mahdollisuuksia helposti ja luotettavasti. Hammasvelho HammTek-etuseteli: \u201320\u202f% alennus tarkastuksesta. Toimipisteet:\ud83d\udccd HelsinkiUlappasaarentie 1, 00980 Helsinki \ud83d\udccd HaminaHelsingintie 1 a 34, 49460 Hamina \ud83d\udccd OrimattilaErkontie 10, 16400 Orimattila \ud83d\udccd HollolaKeskuskatu 4, 15870 Hollola \ud83d\udccd ImatraVuoksenniskantie 78, 55800 Imatra \ud83d\udccd TampereKauppakatu [&hellip;]<\/p>\n","protected":false},"author":1,"featured_media":0,"parent":0,"menu_order":0,"comment_status":"closed","ping_status":"closed","template":"","meta":{"jetpack_post_was_ever_published":false,"footnotes":""},"class_list":["post-332","page","type-page","status-publish","hentry"],"jetpack_sharing_enabled":true,"jetpack-related-posts":[],"_links":{"self":[{"href":"https:\/\/hammtek.com\/campaign\/wp-json\/wp\/v2\/pages\/332","targetHints":{"allow":["GET"]}}],"collection":[{"href":"https:\/\/hammtek.com\/campaign\/wp-json\/wp\/v2\/pages"}],"about":[{"href":"https:\/\/hammtek.com\/campaign\/wp-json\/wp\/v2\/types\/page"}],"author":[{"embeddable":true,"href":"https:\/\/hammtek.com\/campaign\/wp-json\/wp\/v2\/users\/1"}],"replies":[{"embeddable":true,"href":"https:\/\/hammtek.com\/campaign\/wp-json\/wp\/v2\/comments?post=332"}],"version-history":[{"count":5,"href":"https:\/\/hammtek.com\/campaign\/wp-json\/wp\/v2\/pages\/332\/revisions"}],"predecessor-version":[{"id":888,"href":"https:\/\/hammtek.com\/campaign\/wp-json\/wp\/v2\/pages\/332\/revisions\/888"}],"wp:attachment":[{"href":"https:\/\/hammtek.com\/campaign\/wp-json\/wp\/v2\/media?parent=332"}],"curies":[{"name":"wp","href":"https:\/\/api.w.org\/{rel}","templated":true}]}}