{"id":612,"date":"2025-03-26T12:30:25","date_gmt":"2025-03-26T12:30:25","guid":{"rendered":"http:\/\/hammtek.wordpress.com\/?page_id=1"},"modified":"2025-06-07T19:59:17","modified_gmt":"2025-06-07T19:59:17","slug":"about","status":"publish","type":"page","link":"https:\/\/hammtek.com\/campaign\/about\/","title":{"rendered":"Tietoa"},"content":{"rendered":"\n<div class=\"wp-block-group alignfull is-style-section-3 has-background has-global-padding is-content-justification-center is-layout-constrained wp-block-group-is-layout-constrained is-style-section-3--1\" style=\"background:linear-gradient(170deg,rgba(92,193,247,0.12) 67%,rgba(255,200,61,0.12) 100%);margin-top:0;margin-bottom:0;padding-top:var(--wp--preset--spacing--40);padding-bottom:var(--wp--preset--spacing--40)\">\n<div class=\"wp-block-group alignfull is-style-section-1 has-background has-global-padding is-content-justification-center is-layout-constrained wp-container-core-group-is-layout-438686ab wp-block-group-is-layout-constrained is-style-section-1--2\" style=\"background-color:#444df200;margin-top:0;margin-bottom:0;padding-top:var(--wp--preset--spacing--50);padding-bottom:var(--wp--preset--spacing--50)\">\n<div class=\"wp-block-columns alignwide are-vertically-aligned-center is-layout-flex wp-container-core-columns-is-layout-f3a7ff92 wp-block-columns-is-layout-flex\">\n<div class=\"wp-block-column is-layout-flow wp-container-core-column-is-layout-c6626a78 wp-block-column-is-layout-flow\" style=\"flex-basis:50%\">\n<h2 class=\"wp-block-heading has-text-align-left has-x-large-font-size\"><strong>Tietoa HammTekist\u00e4<\/strong><\/h2>\n\n\n\n<div class=\"wp-block-buttons is-content-justification-left is-layout-flex wp-container-core-buttons-is-layout-fc4fd283 wp-block-buttons-is-layout-flex\">\n<div class=\"wp-block-button\"><a class=\"wp-block-button__link wp-element-button\" href=\"https:\/\/hammtek.com\">Lue lis\u00e4\u00e4<\/a><\/div>\n<\/div>\n<\/div>\n\n\n\n<div class=\"wp-block-column is-layout-flow wp-block-column-is-layout-flow\" style=\"flex-basis:50%\">\n<p class=\"wp-container-content-663c14dd\"><strong>HammTek<\/strong> on terveystechnologian edell\u00e4k\u00e4vij\u00e4, joka on sitoutunut parantamaan hyvinvointia edistyksellisten ratkaisujen avulla. Tavoitteemme on tehd\u00e4 terveydenhuollosta saavutettavampaa ja tehokkaampaa hy\u00f6dynt\u00e4m\u00e4ll\u00e4 huipputeknologian laitteita ja teko\u00e4lypohjaisia ty\u00f6kaluja. Teemme yhteisty\u00f6t\u00e4 terveydenhuollon ammattilaisten, tutkijoiden ja teknologiagurujen kanssa kehitt\u00e4\u00e4ksemme tuotteita, jotka ovat sek\u00e4 k\u00e4ytt\u00e4j\u00e4yst\u00e4v\u00e4llisi\u00e4 ett\u00e4 tehokkaita.<\/p>\n<\/div>\n<\/div>\n\n\n\n<figure class=\"wp-block-image alignwide size-full aspect-16\/9\"><img data-recalc-dims=\"1\" loading=\"lazy\" decoding=\"async\" width=\"2560\" height=\"1183\" src=\"https:\/\/i0.wp.com\/hammtek.com\/campaign\/wp-content\/uploads\/2025\/04\/20240417_171459-scaled.jpg?resize=2560%2C1183&#038;ssl=1\" alt=\"\" class=\"wp-image-365\" srcset=\"https:\/\/i0.wp.com\/hammtek.com\/campaign\/wp-content\/uploads\/2025\/04\/20240417_171459-scaled.jpg?w=2560&amp;ssl=1 2560w, https:\/\/i0.wp.com\/hammtek.com\/campaign\/wp-content\/uploads\/2025\/04\/20240417_171459-scaled.jpg?resize=300%2C139&amp;ssl=1 300w, https:\/\/i0.wp.com\/hammtek.com\/campaign\/wp-content\/uploads\/2025\/04\/20240417_171459-scaled.jpg?resize=1024%2C473&amp;ssl=1 1024w, https:\/\/i0.wp.com\/hammtek.com\/campaign\/wp-content\/uploads\/2025\/04\/20240417_171459-scaled.jpg?resize=768%2C355&amp;ssl=1 768w, https:\/\/i0.wp.com\/hammtek.com\/campaign\/wp-content\/uploads\/2025\/04\/20240417_171459-scaled.jpg?resize=1536%2C710&amp;ssl=1 1536w, https:\/\/i0.wp.com\/hammtek.com\/campaign\/wp-content\/uploads\/2025\/04\/20240417_171459-scaled.jpg?resize=2048%2C946&amp;ssl=1 2048w\" sizes=\"auto, (max-width: 1000px) 100vw, 1000px\" \/><\/figure>\n\n\n\n<h4 class=\"wp-block-heading\"><strong>Tietoa Julkisesta Terveystarkastus Kampanjasta<\/strong><\/h4>\n\n\n\n<p><strong>Julkinen Terveystarkastus Kampanjamme<\/strong> on osa missiotamme tarjota edullista ja tehokasta terveyden seurannan mahdollisuutta kaikille. <strong>HammTek-laitteen<\/strong> avulla tarjoamme nopeita ja ei-invasiivisia tarkastuksia, jotka auttavat sinua seuraamaan t\u00e4rkeimpi\u00e4 terveysindikaattoreita, alkaen suunterveydest\u00e4.<\/p>\n\n\n\n<p>Vain 5 minuutissa k\u00e4yt\u00e4mme edistynytt\u00e4 teknologiaamme tallentaaksemme yksityiskohtaisia kuvia hampaistasi, jotka analysoidaan teko\u00e4lyn avulla. T\u00e4m\u00e4 raportti antaa sinulle arvokasta tietoa nykyisest\u00e4 terveydentilastasi ja voi tuoda esiin mahdollisia ongelmia, jotka tarvitsevat huomiota.<\/p>\n\n\n\n<p>Jos teko\u00e4ly havaitsee poikkeavuuksia, teemme yhteisty\u00f6t\u00e4 luotettavien yhteisty\u00f6klinikoiden kanssa, joissa voit saada alennusta hoidoista. Tavoitteenamme on tarjota sinulle paras mahdollinen terveydenhoitokokemus, samalla tehden sen helpoksi ja saavutettavaksi.<\/p>\n<\/div>\n<\/div>\n","protected":false},"excerpt":{"rendered":"<p>Tietoa HammTekist\u00e4 HammTek on terveystechnologian edell\u00e4k\u00e4vij\u00e4, joka on sitoutunut parantamaan hyvinvointia edistyksellisten ratkaisujen avulla. Tavoitteemme on tehd\u00e4 terveydenhuollosta saavutettavampaa ja tehokkaampaa hy\u00f6dynt\u00e4m\u00e4ll\u00e4 huipputeknologian laitteita ja teko\u00e4lypohjaisia ty\u00f6kaluja. Teemme yhteisty\u00f6t\u00e4 terveydenhuollon ammattilaisten, tutkijoiden ja teknologiagurujen kanssa kehitt\u00e4\u00e4ksemme tuotteita, jotka ovat sek\u00e4 k\u00e4ytt\u00e4j\u00e4yst\u00e4v\u00e4llisi\u00e4 ett\u00e4 tehokkaita. Tietoa Julkisesta Terveystarkastus Kampanjasta Julkinen Terveystarkastus Kampanjamme on osa missiotamme tarjota edullista [&hellip;]<\/p>\n","protected":false},"author":1,"featured_media":0,"parent":0,"menu_order":0,"comment_status":"closed","ping_status":"open","template":"","meta":{"jetpack_post_was_ever_published":false,"footnotes":""},"class_list":["post-612","page","type-page","status-publish","hentry"],"jetpack_sharing_enabled":true,"jetpack-related-posts":[{"id":781,"url":"https:\/\/hammtek.com\/campaign\/","url_meta":{"origin":612,"position":0},"title":"index","author":"admin","date":"April 11, 2025","format":false,"excerpt":"Yhdess\u00e4 terveyden puolesta HammTek tuo suun terveydenhuollon tarkastukset kaikkien ulottuvilleja kutsuu sinut mukaan tukemaan t\u00e4t\u00e4 yhteist\u00e4 missiota:tule mukaan, tue meit\u00e4 tai jaa kampanjaa. Pienikin teko voi tehd\u00e4 ison eron. Sitoutuminen terveyteen ja hyvinvointiin kaikille Hammashoitoa silloin kun sit\u00e4 tarvitaan \u2013 ei kuuden kuukauden p\u00e4\u00e4st\u00e4. Suomessa yli 18 000 ihmist\u00e4 odottaa\u2026","rel":"","context":"Similar post","block_context":{"text":"Similar post","link":""},"img":{"alt_text":"","src":"https:\/\/i0.wp.com\/hammtek.com\/campaign\/wp-content\/uploads\/2025\/03\/20231121_143834-scaled.jpg?resize=350%2C200","width":350,"height":200,"srcset":"https:\/\/i0.wp.com\/hammtek.com\/campaign\/wp-content\/uploads\/2025\/03\/20231121_143834-scaled.jpg?resize=350%2C200 1x, https:\/\/i0.wp.com\/hammtek.com\/campaign\/wp-content\/uploads\/2025\/03\/20231121_143834-scaled.jpg?resize=525%2C300 1.5x, https:\/\/i0.wp.com\/hammtek.com\/campaign\/wp-content\/uploads\/2025\/03\/20231121_143834-scaled.jpg?resize=700%2C400 2x, https:\/\/i0.wp.com\/hammtek.com\/campaign\/wp-content\/uploads\/2025\/03\/20231121_143834-scaled.jpg?resize=1050%2C600 3x, https:\/\/i0.wp.com\/hammtek.com\/campaign\/wp-content\/uploads\/2025\/03\/20231121_143834-scaled.jpg?resize=1400%2C800 4x"},"classes":[]}],"_links":{"self":[{"href":"https:\/\/hammtek.com\/campaign\/wp-json\/wp\/v2\/pages\/612","targetHints":{"allow":["GET"]}}],"collection":[{"href":"https:\/\/hammtek.com\/campaign\/wp-json\/wp\/v2\/pages"}],"about":[{"href":"https:\/\/hammtek.com\/campaign\/wp-json\/wp\/v2\/types\/page"}],"author":[{"embeddable":true,"href":"https:\/\/hammtek.com\/campaign\/wp-json\/wp\/v2\/users\/1"}],"replies":[{"embeddable":true,"href":"https:\/\/hammtek.com\/campaign\/wp-json\/wp\/v2\/comments?post=612"}],"version-history":[{"count":4,"href":"https:\/\/hammtek.com\/campaign\/wp-json\/wp\/v2\/pages\/612\/revisions"}],"predecessor-version":[{"id":939,"href":"https:\/\/hammtek.com\/campaign\/wp-json\/wp\/v2\/pages\/612\/revisions\/939"}],"wp:attachment":[{"href":"https:\/\/hammtek.com\/campaign\/wp-json\/wp\/v2\/media?parent=612"}],"curies":[{"name":"wp","href":"https:\/\/api.w.org\/{rel}","templated":true}]}}